{"id":38,"date":"2018-06-01T09:39:46","date_gmt":"2018-06-01T07:39:46","guid":{"rendered":"http:\/\/omnikonzultant.cz\/?page_id=38"},"modified":"2025-11-12T22:52:32","modified_gmt":"2025-11-12T21:52:32","slug":"o-mne","status":"publish","type":"page","link":"https:\/\/omnikonzultant.cz\/investicni-konzultace\/o-mne\/","title":{"rendered":"O mn\u011b &#038; kontakt"},"content":{"rendered":"<h3 style=\"text-align: center;\">N\u011bco o m\u00e9 osob\u011b<\/h3>\n<p style=\"text-align: justify;\">Ji\u017e od \u0161koly se pohybuji v oblasti obchodu a poskytov\u00e1n\u00ed slu\u017eeb. Vyzkou\u0161el jsem si r\u016fzn\u00e9 pozice, kter\u00e9 byly ale v\u017edy spojeny n\u011bjak\u00fdm zp\u016fsobem s komunikac\u00ed. Mnoho teoretick\u00fdch v\u011bdomost\u00ed i praktick\u00fdch zku\u0161enost\u00ed jsem nabral v mal\u00e9m, ale intenzivn\u011b pracuj\u00edc\u00edm t\u00fdmu kryptom\u011bnov\u00e9 sm\u011bn\u00e1rny, kde jsem se dlouhodob\u011b v\u011bnoval komunikaci s klienty, prevenci i \u0159e\u0161en\u00ed podvod\u016f a vyhodnocov\u00e1n\u00ed rizik. Zku\u0161enosti jsem nab\u00edral i mimo ofici\u00e1ln\u00ed pracovn\u00ed r\u00e1mec a v tom pokra\u010duji neust\u00e1le. V\u017edy jsem sna\u017eil lidem ve sv\u00e9m okol\u00ed, kte\u0159\u00ed o to m\u011bli z\u00e1jem samoz\u0159ejm\u011b, poradit a nebo nab\u00eddnout nestrann\u00e9 stanovisko a \u010derstv\u00fd pohled na v\u011bc. Je to n\u011bco, co m\u011b bav\u00ed a t\u011b\u0161\u00ed, kdy\u017e mohu n\u011bkomu takto podat pomocnou ruku a hodn\u011b pozitivn\u00edch reakc\u00ed m\u011b motivuje d\u011blat to d\u00e1le. A\u017e jsem se nakonec rozhodl roz\u0161\u00ed\u0159it sv\u016fj &#8222;z\u00e1b\u011br&#8220; a ud\u011blat z toho od roku 2017 ofici\u00e1ln\u00ed z\u00e1le\u017eitost.<\/p>\n<h3 style=\"text-align: center;\">Jak\u00fdm zp\u016fsobem pracuji<\/h3>\n<p style=\"text-align: justify;\">Na rozd\u00edl od r\u016fzn\u00fdch &#8222;steriln\u00edch&#8220; firem p\u0159istupuji ke sv\u00fdm klient\u016fm a jejich zak\u00e1zk\u00e1m lidsky a otev\u0159en\u011b. To toti\u017e dle m\u00e9ho nevylu\u010duje zodpov\u011bdn\u00fd a sv\u011bdomit\u00fd p\u0159\u00edstup k pr\u00e1ci a snahu odv\u00e1d\u011bt co nejlep\u0161\u00ed mo\u017enou pr\u00e1ci a v\u00fdsledek. Pokud tedy z\u00e1kazn\u00edk p\u0159\u00edmo nevy\u017eaduje jako dresscode smoking a striktn\u011b spisovnou mluvu, jsem zast\u00e1nce sp\u00ed\u0161e pohodln\u00e9ho od\u011bvu a vst\u0159\u00edcn\u00e9ho p\u0159\u00e1telsk\u00e9ho p\u0159\u00edstupu a jedn\u00e1n\u00ed. Co se t\u00fd\u010de samotn\u00e9 pr\u00e1ce, velmi \u010dasto stav\u00edm na sv\u00e9 vrozen\u00e9 vysok\u00e9 empatii &#8211; schopnosti vc\u00edtit se do r\u016fzn\u00fdch osob v r\u016fzn\u00fdch situac\u00edch podle pot\u0159eby a porozum\u011bt jim. Toto je velmi n\u00e1pomocn\u00e9 nap\u0159\u00edklad p\u0159i hodnocen\u00ed subjektu z pohledu koncov\u00e9ho z\u00e1kazn\u00edka r\u016fzn\u00fdch kategori\u00ed, nebo zohled\u0148ov\u00e1n\u00ed mo\u017en\u00fdch reakc\u00ed na pl\u00e1novan\u00e9 kroky a \u00fapravy. V kombinaci se strategick\u00fdm uva\u017eov\u00e1n\u00edm a systematick\u00fdm pl\u00e1nov\u00e1n\u00edm mi toto pom\u00e1h\u00e1 slo\u017eit komplexn\u00ed v\u00fdsledek m\u00e9 pr\u00e1ce. To v\u0161e je je\u0161t\u011b podlo\u017een\u00e9 m\u00fdm siln\u00fdm mor\u00e1ln\u00edm kodexem. Zakl\u00e1d\u00e1m si na tom, \u017ee rad\u011bji chci m\u00edt men\u0161\u00ed mno\u017estv\u00ed klient\u016f, kte\u0159\u00ed ale budou spokojen\u00ed a budou se za mnou r\u00e1di vracet, ne\u017e abych m\u011bl hodn\u011b &#8222;jednor\u00e1zovek&#8220;, ov\u0161em s pov\u011bst\u00ed nekvalitn\u00edho a neosobn\u00edho servisu.<\/p>\n<h3 style=\"text-align: center;\">Forma poskytov\u00e1n\u00ed slu\u017eeb a oblast p\u016fsoben\u00ed<\/h3>\n<p>V\u011bt\u0161inu slu\u017eeb lze poskytovat bu\u010f formou fyzick\u00e9ho setk\u00e1n\u00ed, nebo na d\u00e1lku pomoc\u00ed telefonu, emailu \u010di internetov\u00fdch komunika\u010dn\u00edch slu\u017eeb (Skype, Discord, Whereby apod.). Toto z\u00e1le\u017e\u00ed na preferenc\u00edch klienta a vz\u00e1jemn\u00e9 domluv\u011b. N\u011bkter\u00e9 slu\u017eby (nap\u0159. odhad nemovitosti nebo \u010dinnost v\u00e1zan\u00e1 na konkr\u00e9tn\u00ed lokalitu) jsou pak d\u00e1ny svou podstatou.<\/p>\n<h3 style=\"text-align: center;\">Ceny<\/h3>\n<p style=\"text-align: justify;\">Nacen\u011bn\u00ed m\u00fdch slu\u017eeb se samoz\u0159ejm\u011b m\u016f\u017ee znateln\u011b li\u0161it v z\u00e1vislosti na \u010dasov\u00e9 n\u00e1ro\u010dnosti, nebo nap\u0159\u00edklad i ve vzd\u00e1lenosti c\u00edlov\u00e9ho m\u00edsta od m\u00e9ho bydli\u0161t\u011b, pokud se jedn\u00e1 o nutnost doj\u00ed\u017ed\u011bn\u00ed. Obecn\u011b \u0159e\u010deno, je t\u0159eba zahrnout v\u0161echny n\u00e1klady spojen\u00e9 s cestov\u00e1n\u00edm, v\u010detn\u011b \u010dasu str\u00e1ven\u00e9ho na cest\u011b, a v p\u0159\u00edpad\u011b testov\u00e1n\u00ed slu\u017eeb pak i \u00fahrada t\u011bchto n\u00e1klad\u016f na n\u011b vynalo\u017een\u00fdch (jejich rozmez\u00ed si samoz\u0159ejm\u011b ur\u010d\u00edme p\u0159i p\u0159edb\u011b\u017en\u00e9 domluv\u011b).<\/p>\n<p style=\"text-align: justify;\">V oblasti, na jej\u00edm\u017e okraji jsou m\u011bsta Hradec Kr\u00e1lov\u00e9, Ji\u010d\u00edn a Dv\u016fr Kr\u00e1lov\u00e9 (v\u010detn\u011b nich) pro lep\u0161\u00ed p\u0159ehled ur\u010duji tzv. Z\u00e1kladn\u00ed cenu, ve kter\u00e9 je zapo\u010d\u00edt\u00e1no ji\u017e v\u0161e. Za jej\u00ed hranic\u00ed se bude cena \u00fam\u011brn\u011b navy\u0161ovat podle vzd\u00e1lenosti. Naopak pokud budeme pouze komunikovat pouze na d\u00e1lku (nap\u0159. prost\u0159ednictv\u00edm telefonu, mailu, Skypu, Discordu atd.) m\u016f\u017ee b\u00fdt samoz\u0159ejm\u011b i men\u0161\u00ed. V p\u0159\u00edpad\u011b jednor\u00e1zov\u00fdch akc\u00ed se pak cena za samotn\u00e9 poskytnut\u00e9 slu\u017eby m\u016f\u017ee pohybovat okolo 1.000,- a\u017e 2.000,- v p\u0159\u00edpad\u011b osobn\u00edch setk\u00e1n\u00ed.<\/p>\n<p style=\"text-align: justify;\">Rozhodn\u011b je zde hodn\u011b prom\u011bnn\u00fdch, kter\u00e9 cenu ovlivn\u00ed, a je to pochopiteln\u011b z\u00e1le\u017eitost konkr\u00e9tn\u011bj\u0161\u00ed domluvy, proto se nebojte napsat mi a probereme to p\u0159\u00edmo v n\u00e1vaznosti na Va\u0161e po\u017eadavky.<\/p>\n<h5 style=\"text-align: center;\"><em>Platby p\u0159ij\u00edm\u00e1m formou:<\/em><\/h5>\n<p><img loading=\"lazy\" decoding=\"async\" class=\" wp-image-49 aligncenter\" src=\"http:\/\/omnikonzultant.cz\/wp-content\/uploads\/2018\/06\/prevod-logo-300x150.png\" alt=\"\" width=\"136\" height=\"68\" srcset=\"https:\/\/omnikonzultant.cz\/wp-content\/uploads\/2018\/06\/prevod-logo-300x150.png 300w, https:\/\/omnikonzultant.cz\/wp-content\/uploads\/2018\/06\/prevod-logo-768x384.png 768w, https:\/\/omnikonzultant.cz\/wp-content\/uploads\/2018\/06\/prevod-logo.png 1000w\" sizes=\"auto, (max-width: 136px) 100vw, 136px\" \/><\/p>\n<p><img loading=\"lazy\" decoding=\"async\" class=\" wp-image-48 aligncenter\" src=\"http:\/\/omnikonzultant.cz\/wp-content\/uploads\/2018\/06\/Bitcoin_logo-300x67.png\" alt=\"\" width=\"126\" height=\"28\" srcset=\"https:\/\/omnikonzultant.cz\/wp-content\/uploads\/2018\/06\/Bitcoin_logo-300x67.png 300w, https:\/\/omnikonzultant.cz\/wp-content\/uploads\/2018\/06\/Bitcoin_logo-768x170.png 768w, https:\/\/omnikonzultant.cz\/wp-content\/uploads\/2018\/06\/Bitcoin_logo-1024x227.png 1024w\" sizes=\"auto, (max-width: 126px) 100vw, 126px\" \/><\/p>\n<p>&nbsp;<\/p>\n<h3 style=\"text-align: center;\">Kontakt<\/h3>\n<p style=\"text-align: center;\">e-mail: <strong>kontakt<\/strong><em>(zavin\u00e1\u010d)<\/em><strong>omnikonzultant.cz<\/strong><\/p>\n<p style=\"text-align: center;\">telefon: +420 <strong>704206405<\/strong><\/p>\n<p>&nbsp;<\/p>\n","protected":false},"excerpt":{"rendered":"<p>N\u011bco o m\u00e9 osob\u011b Ji\u017e od \u0161koly se pohybuji v oblasti obchodu a poskytov\u00e1n\u00ed slu\u017eeb. Vyzkou\u0161el jsem si r\u016fzn\u00e9 pozice, kter\u00e9 byly ale v\u017edy spojeny n\u011bjak\u00fdm zp\u016fsobem s komunikac\u00ed. Mnoho teoretick\u00fdch v\u011bdomost\u00ed i praktick\u00fdch zku\u0161enost\u00ed jsem nabral v mal\u00e9m, ale intenzivn\u011b pracuj\u00edc\u00edm t\u00fdmu kryptom\u011bnov\u00e9 sm\u011bn\u00e1rny, kde jsem se dlouhodob\u011b v\u011bnoval&#8230; <a class=\"continue-reading-link\" href=\"https:\/\/omnikonzultant.cz\/investicni-konzultace\/o-mne\/\">\u010c\u00edst d\u00e1le <span class=\"meta-nav\">&rarr; <\/span><\/a><\/p>\n","protected":false},"author":1,"featured_media":0,"parent":0,"menu_order":3,"comment_status":"closed","ping_status":"closed","template":"","meta":{"footnotes":""},"class_list":["post-38","page","type-page","status-publish","hentry"],"_links":{"self":[{"href":"https:\/\/omnikonzultant.cz\/investicni-konzultace\/wp-json\/wp\/v2\/pages\/38","targetHints":{"allow":["GET"]}}],"collection":[{"href":"https:\/\/omnikonzultant.cz\/investicni-konzultace\/wp-json\/wp\/v2\/pages"}],"about":[{"href":"https:\/\/omnikonzultant.cz\/investicni-konzultace\/wp-json\/wp\/v2\/types\/page"}],"author":[{"embeddable":true,"href":"https:\/\/omnikonzultant.cz\/investicni-konzultace\/wp-json\/wp\/v2\/users\/1"}],"replies":[{"embeddable":true,"href":"https:\/\/omnikonzultant.cz\/investicni-konzultace\/wp-json\/wp\/v2\/comments?post=38"}],"version-history":[{"count":22,"href":"https:\/\/omnikonzultant.cz\/investicni-konzultace\/wp-json\/wp\/v2\/pages\/38\/revisions"}],"predecessor-version":[{"id":218,"href":"https:\/\/omnikonzultant.cz\/investicni-konzultace\/wp-json\/wp\/v2\/pages\/38\/revisions\/218"}],"wp:attachment":[{"href":"https:\/\/omnikonzultant.cz\/investicni-konzultace\/wp-json\/wp\/v2\/media?parent=38"}],"curies":[{"name":"wp","href":"https:\/\/api.w.org\/{rel}","templated":true}]}}