{"id":121,"date":"2024-04-02T14:18:23","date_gmt":"2024-04-02T12:18:23","guid":{"rendered":"https:\/\/omnikonzultant.cz\/?page_id=121"},"modified":"2025-11-10T19:56:35","modified_gmt":"2025-11-10T18:56:35","slug":"prednasky-a-besedy","status":"publish","type":"page","link":"https:\/\/omnikonzultant.cz\/investicni-konzultace\/prednasky-a-besedy\/","title":{"rendered":"P\u0159edn\u00e1\u0161ky a besedy"},"content":{"rendered":"<p style=\"text-align: justify;\">Podstatnou n\u00e1pln\u00ed m\u00e9 pr\u00e1ce jsou i p\u0159edn\u00e1\u0161ky na t\u00e9mata souvisej\u00edc\u00ed s finan\u010dn\u00ed gramotnost\u00ed, ochranou majetku p\u0159ed dopady inflace, prevenc\u00ed podvod\u016f a z\u00e1klady kryptom\u011bn. \u010clov\u011bk dne\u0161n\u00ed doby by m\u011bl toto ur\u010dit\u011b zn\u00e1t, proto\u017ee i kdy\u017e se v t\u011bchto oblastech aktivn\u011b nepohybujete ze sv\u00e9 vlastn\u00ed v\u016fle, neznamen\u00e1 to, \u017ee absenci t\u011bchto v\u011bdomost\u00ed nezneu\u017eije n\u011bkdo proti V\u00e1m &#8211; ba pr\u00e1v\u011b naopak. R\u016fzn\u00ed podvodn\u00edci vylo\u017een\u011b c\u00edl\u00ed na sortu lid\u00ed, kter\u00e1 tento soubor znalost\u00ed postr\u00e1d\u00e1, proto\u017ee se jedn\u00e1 o snadnou a jednodu\u0161e manipulovatelnou ko\u0159ist. Pokud v\u0161ak tyto informace a z\u00e1sady budete zn\u00e1t a m\u00edt je na pam\u011bti, u\u0161et\u0159\u00ed V\u00e1m to b\u011bhem \u017eivota mnoho nep\u0159\u00edjemn\u00fdch situac\u00ed a v neposledn\u00ed \u0159ad\u011b i spoustu pen\u011bz a stresu.<\/p>\n<p style=\"text-align: justify;\">V\u0161echny n\u00ed\u017ee uveden\u00e9 p\u0159edn\u00e1\u0161ky lze prov\u00e1d\u011bt bu\u010f formou p\u0159ednesu, nebo i formou voln\u011bj\u0161\u00ed debatn\u00ed besedy. Ur\u010deny jsou komukoliv od posledn\u00edch ro\u010dn\u00edk\u016f z\u00e1kladn\u00edch \u0161kol a\u017e po d\u016fchodov\u00fd podzim \u017eivota. V\u011bk v tomto segmentu opravdu nehraje roli. Je stejn\u011b d\u016fle\u017eit\u00e9 vzd\u011bl\u00e1vat d\u011bti, rodi\u010de i prarodi\u010de, proto\u017ee v\u0161ech se to t\u00fdk\u00e1 a m\u016f\u017ee je to ovlivnit.<\/p>\n<p style=\"text-align: left;\">Objednat m\u00e9 slu\u017eby (krom\u011b sebe) si m\u016f\u017eete nap\u0159\u00edklad i pro:<\/p>\n<ul style=\"text-align: left;\">\n<li><strong>Rodinu<\/strong> &#8211; proto\u017ee jim poskytne z\u00e1kladn\u00ed soubor v\u011bdomost\u00ed, kter\u00e9 j\u00ed mohou uchr\u00e1nit p\u0159ed hrozbami jako jsou exekuce, ztr\u00e1ta celo\u017eivotn\u00edch \u00faspor \u010di domu\/bytu. D\u011bti p\u0159iprav\u00ed na budoucnost a rodi\u010de \u010di prarodi\u010de na n\u00e1strahy modern\u00ed doby, jej\u00ed\u017e trendy mo\u017en\u00e1 nest\u00edhaj\u00ed ani sledovat.<\/li>\n<li><strong>Sv\u00e9 zam\u011bstnance<\/strong> &#8211; proto\u017ee jim za p\u0159\u00edznivou cenu zprost\u0159edkujete hodnotn\u00e9 informace, d\u00edky kter\u00fdm se mohou vyhnout z\u00e1va\u017en\u00fdm stresuj\u00edc\u00edm situac\u00edm ve sv\u00e9m osobn\u00edm \u017eivot\u011b. Tyto je ov\u0161em mohou (a velmi patrn\u011b i budou) rozptylovat v pr\u00e1ci a sni\u017eovat jejich efektivitu \u010di zvy\u0161ovat chybovost. Jejich vzd\u011bl\u00e1v\u00e1n\u00edm tedy investujete do hlad\u0161\u00edho chodu sv\u00e9 firmy a prevence ztr\u00e1t.<\/li>\n<li><strong>\u0160koln\u00ed t\u0159\u00eddy<\/strong> &#8211; proto\u017ee \u010d\u00edm d\u0159\u00edve se toto \u010dlov\u011bk nau\u010d\u00ed, t\u00edm v\u011bt\u0161\u00ed m\u00e1 \u0161anci se v \u017eivot\u011b vyvarovat n\u00e1strah\u00e1m, kter\u00e9 na n\u011bj a jeho nev\u011bdomost \u010d\u00edhaj\u00ed. Proto je dobr\u00e9 d\u011bti v tomto vzd\u011bl\u00e1vat a ne\u010dekat na to, a\u017e je to \u017eivot nau\u010d\u00ed s\u00e1m tou t\u011b\u017e\u0161\u00ed a daleko m\u00e9n\u011b p\u0159\u00edjemnou cestou. V\u0161echny n\u00ed\u017ee uveden\u00e9 p\u0159edn\u00e1\u0161ky maj\u00ed variantu uzp\u016fsobenou \u010dasu \u0161koln\u00ed hodiny (45 minut) pro hladk\u00e9 za\u0159azen\u00ed do standartn\u00edho syst\u00e9mu v\u00fduky. Vhodn\u00e9 jsou nap\u0159. jako dopl\u0148kov\u00fd obsah pro Ob\u010danskou v\u00fdchovu \u010di Informatiku.<\/li>\n<li><strong>Svou komunitu<\/strong> &#8211; proto\u017ee mo\u017en\u00e1 prost\u011b chcete \u0161\u00ed\u0159it osv\u011btu ve sv\u00e9m okol\u00ed a pom\u00e1hat lidem kolem sebe. Jako z\u00e1stupci z\u00e1jmov\u00fdch spolk\u016f, vzd\u011bl\u00e1vac\u00edch organizac\u00ed nebo obc\u00ed tak m\u016f\u017eete nab\u00eddnout &#8222;sv\u00fdm lidem&#8220; informace, kter\u00e9 v\u00e1s nebudou st\u00e1t nijak mnoho, ale jim mohou slou\u017eit cel\u00fd \u017eivot.<\/li>\n<\/ul>\n<h4 style=\"text-align: center;\">1) Z\u00e1klady finan\u010dn\u00ed gramotnosti<\/h4>\n<p style=\"text-align: center;\"><em>D\u00e9lka trv\u00e1n\u00ed:<\/em> p\u0159edn\u00e1\u0161ka 1h \/ beseda cca 1h 30min<\/p>\n<p style=\"text-align: justify;\"><em>Popis:<\/em> Soubor z\u00e1kladn\u00edch informac\u00ed a z\u00e1sad, kter\u00e9 \u010dlov\u011bku v pr\u016fb\u011bhu \u017eivota pom\u00e1haj\u00ed udr\u017eet si zdrav\u00e9 finan\u010dn\u00ed z\u00e1zem\u00ed a uv\u00e1\u017eliv\u011b zach\u00e1zet s financemi. Tyto v\u011bdomosti, mimo jin\u00e9, pom\u00e1haj\u00ed sn\u00ed\u017eit riziko platebn\u00ed neschopnosti\/exekuce, \u010di v p\u0159\u00edpad\u011b finan\u010dn\u00ed nouze stabilizovat a udr\u017eet si kontrolu nad svou situac\u00ed. C\u00edlem je pomoci vytvo\u0159it n\u00e1vyky, jejich\u017e dodr\u017eov\u00e1n\u00ed vede ide\u00e1ln\u011b k tomu, aby se \u010dlov\u011bk do takov\u00fdch situac\u00ed v prvn\u00edm \u0159ad\u011b ani nedostal.<\/p>\n<h4 style=\"text-align: center;\">2) Ochrana proti inflaci a diverzifikace investic<\/h4>\n<p style=\"text-align: center;\"><em>D\u00e9lka trv\u00e1n\u00ed:<\/em> p\u0159edn\u00e1\u0161ka 1h \/ beseda cca 1h 30min<\/p>\n<p style=\"text-align: justify;\"><em>Popis:<\/em> Soubor z\u00e1kladn\u00edch informac\u00ed o p\u0159\u00ed\u010din\u00e1ch inflace, v\u010detn\u011b nast\u00edn\u011bn\u00ed nejosv\u011bd\u010den\u011bj\u0161\u00edch zp\u016fsob\u016f, jak se br\u00e1nit jej\u00edm dopad\u016fm. Smyslem p\u0159edn\u00e1\u0161ky je pomoci oby\u010dejn\u00fdm lidem ochr\u00e1nit jejich majetek p\u0159ed negativn\u00edmi \u00fa\u010dinky tohoto ne\u017e\u00e1douc\u00edho ekonomick\u00e9ho jevu a naopak jim i uk\u00e1zat, jak by jej mohli ide\u00e1ln\u011b i vyu\u017e\u00edt ve sv\u016fj prosp\u011bch. Sou\u010d\u00e1st\u00ed obsahu je i osv\u011btlen\u00ed z\u00e1klad\u016f investov\u00e1n\u00ed.<\/p>\n<h4 style=\"text-align: center;\">3) Prevence a psychologie podvod\u016f<\/h4>\n<p style=\"text-align: center;\"><em>D\u00e9lka trv\u00e1n\u00ed:<\/em> p\u0159edn\u00e1\u0161ka 1h \/ beseda cca 1h 30min<\/p>\n<p style=\"text-align: justify;\"><em>Popis:<\/em>\u00a0 Ucelen\u00fd soubor znalost\u00ed z\u00e1kladn\u00ed princip\u016f podvodn\u00fdch sch\u00e9mat a nej\u010dast\u011bj\u0161\u00edch psychologick\u00fdch trik\u016f, kter\u00e9 podvodn\u00edci pou\u017e\u00edvaj\u00ed. C\u00edlem je odhalit zp\u016fsob fungov\u00e1n\u00ed podvodn\u00fdch praktik\/scam\u016f na internetu i mimo n\u011bj, kter\u00e9 c\u00edl\u00ed na nev\u011bdom\u00e9 \u010di finan\u010dn\u011b m\u00e9n\u011b gramotn\u00e9 jedince s \u00famyslem &#8222;vy\u017ed\u00edmat&#8220; z nich co nejv\u00edce pen\u011bz za ka\u017edou cenu bez ohledu na n\u00e1sledky. Ob\u011bti t\u011bchto podvod\u016f \u010dasto p\u0159ich\u00e1zej\u00ed nejen o zna\u010dn\u00e9 mno\u017estv\u00ed financ\u00ed, ale m\u016f\u017ee jim hrozit i kr\u00e1de\u017e identity, zadlu\u017een\u00ed se a v krajn\u00edm p\u0159\u00edpad\u011b i rozpad rodiny a ztr\u00e1ta kontroly nad vlastn\u00edm \u017eivotem. Sou\u010d\u00e1st\u00ed jsou i informace o tom, co d\u011blat, pokud je na prevenci ji\u017e pozd\u011b a \u010dlov\u011bk se ob\u011bt\u00ed ji\u017e stal. Podle z\u00e1jmu objednavatele lze tento segment (tzv. &#8222;damage control&#8220;) roz\u0161\u00ed\u0159it na \u00fakor strohosti preven\u010dn\u00ed \u010d\u00e1sti dle domluvy.<\/p>\n<h4 style=\"text-align: center;\">4) Z\u00e1klady kryptom\u011bn<\/h4>\n<p style=\"text-align: center;\"><em>D\u00e9lka trv\u00e1n\u00ed:<\/em> p\u0159edn\u00e1\u0161ka 1h \/ beseda cca 1h 30min<\/p>\n<p style=\"text-align: justify;\"><em>Popis:<\/em> Kryptom\u011bny jsou velmi rychle se rozv\u00edjej\u00edc\u00ed fenom\u00e9n, kter\u00fd pro n\u011bkter\u00e9 znamen\u00e1 nov\u00fd technologick\u00fd \u010di platebn\u00ed prost\u0159edek. Pro v\u011bt\u0161inu b\u011b\u017en\u00fdch lid\u00ed jde v\u0161ak sp\u00ed\u0161e o potenci\u00e1ln\u011b zaj\u00edmav\u00e9 investi\u010dn\u00ed aktivum. Jeliko\u017e jde o relativn\u011b novou v\u011bc, kter\u00e1 s sebou nese specifick\u00e1 rizika, je t\u0159eba jej\u00edm z\u00e1klad\u016fm nejd\u0159\u00edve porozum\u011bt, abyste se vyvarovali fat\u00e1ln\u00edch chyb. Tato p\u0159edn\u00e1\u0161ka slou\u017e\u00ed k vysv\u011btlen\u00ed z\u00e1kladn\u00ed funk\u010dnosti a princip\u016f kryptom\u011bn, p\u0159edev\u0161\u00edm pak k tomu, jak je bezpe\u010dn\u011b uchov\u00e1vat, jak\u00e9 jsou mo\u017enosti n\u00e1kupu a prodeje, a na co si d\u00e1t v oblasti kryptom\u011bn obzvl\u00e1\u0161t\u011b pozor.<\/p>\n<p style=\"text-align: justify;\"><em>UPOZORN\u011aN\u00cd:<\/em> Tato p\u0159edn\u00e1\u0161ka\/beseda NEN\u00cd investi\u010dn\u00ed poradenstv\u00ed o tom co a kde koupit a jak rychle vyd\u011blat pen\u00edze. Jej\u00edm c\u00edlem je prezentovat jak v\u00fdhody, tak i nev\u00fdhody a \u00faskal\u00ed kryptom\u011bn. Hlavn\u00ed zam\u011b\u0159en\u00ed je na bezpe\u010dnost jejich potenci\u00e1ln\u00edho u\u017eivatele. Varov\u00e1n\u00ed o &#8222;investi\u010dn\u00edch poradc\u00edch pro brzk\u00e9 budouc\u00ed multi-milion\u00e1\u0159e&#8220; je ostatn\u011b sou\u010d\u00e1st\u00ed obsahu.<\/p>\n<p>&nbsp;<\/p>\n<p style=\"text-align: center;\"><em><strong>Cen\u00edk:<\/strong><\/em><\/p>\n<p style=\"text-align: center;\">Z\u00e1kladn\u00ed cena* jedn\u00e9 p\u0159edn\u00e1\u0161ky je <strong>1.250,-<\/strong> \/ jedn\u00e9 besedy <strong>1.450,-<\/strong>.<\/p>\n<p style=\"text-align: center;\">V p\u0159\u00edpad\u011b objedn\u00e1n\u00ed v\u00edce p\u0159edn\u00e1\u0161ek\/besed bude cena ni\u017e\u0161\u00ed, pokud budou prob\u00edhat ve stejn\u00fd den v kr\u00e1tk\u00e9m \u010dasov\u00e9m rozestupu (s p\u0159est\u00e1vkou mezi nimi maxim\u00e1ln\u011b 1 hodina).<\/p>\n<p style=\"text-align: center;\">P\u0159i objedn\u00e1n\u00ed dvou: <strong>2.200,-<\/strong> \/ <strong>2.500,-\u00a0<\/strong>(1.100,- za 1 p\u0159edn\u00e1\u0161ku \/ 1.250,- za 1 besedu)<\/p>\n<p style=\"text-align: center;\">P\u0159i objedn\u00e1n\u00ed t\u0159\u00ed a v\u00edce: <strong>3.000,-<\/strong> \/ <strong>3.300,- <\/strong>(1.000,- za 1 p\u0159edn\u00e1\u0161ku \/ 1.100,- za 1 besedu)<\/p>\n<p style=\"text-align: center;\">*<em>Z\u00e1kladn\u00ed cena vych\u00e1z\u00ed z princip\u016f uveden\u00fdch <a href=\"https:\/\/omnikonzultant.cz\/o-mne\/\">zde<\/a>. Nacen\u011bn\u00ed dostane objednavatel v\u017edy podle konkr\u00e9tn\u00ed domluvy bezplatn\u011b p\u0159edem k odsouhlasen\u00ed.<\/em><\/p>\n<p style=\"text-align: left;\">\n","protected":false},"excerpt":{"rendered":"<p>Podstatnou n\u00e1pln\u00ed m\u00e9 pr\u00e1ce jsou i p\u0159edn\u00e1\u0161ky na t\u00e9mata souvisej\u00edc\u00ed s finan\u010dn\u00ed gramotnost\u00ed, ochranou majetku p\u0159ed dopady inflace, prevenc\u00ed podvod\u016f a z\u00e1klady kryptom\u011bn. \u010clov\u011bk dne\u0161n\u00ed doby by m\u011bl toto ur\u010dit\u011b zn\u00e1t, proto\u017ee i kdy\u017e se v t\u011bchto oblastech aktivn\u011b nepohybujete ze sv\u00e9 vlastn\u00ed v\u016fle, neznamen\u00e1 to, \u017ee absenci t\u011bchto v\u011bdomost\u00ed&#8230; <a class=\"continue-reading-link\" href=\"https:\/\/omnikonzultant.cz\/investicni-konzultace\/prednasky-a-besedy\/\">\u010c\u00edst d\u00e1le <span class=\"meta-nav\">&rarr; <\/span><\/a><\/p>\n","protected":false},"author":1,"featured_media":0,"parent":0,"menu_order":0,"comment_status":"closed","ping_status":"closed","template":"","meta":{"footnotes":""},"class_list":["post-121","page","type-page","status-publish","hentry"],"_links":{"self":[{"href":"https:\/\/omnikonzultant.cz\/investicni-konzultace\/wp-json\/wp\/v2\/pages\/121","targetHints":{"allow":["GET"]}}],"collection":[{"href":"https:\/\/omnikonzultant.cz\/investicni-konzultace\/wp-json\/wp\/v2\/pages"}],"about":[{"href":"https:\/\/omnikonzultant.cz\/investicni-konzultace\/wp-json\/wp\/v2\/types\/page"}],"author":[{"embeddable":true,"href":"https:\/\/omnikonzultant.cz\/investicni-konzultace\/wp-json\/wp\/v2\/users\/1"}],"replies":[{"embeddable":true,"href":"https:\/\/omnikonzultant.cz\/investicni-konzultace\/wp-json\/wp\/v2\/comments?post=121"}],"version-history":[{"count":16,"href":"https:\/\/omnikonzultant.cz\/investicni-konzultace\/wp-json\/wp\/v2\/pages\/121\/revisions"}],"predecessor-version":[{"id":209,"href":"https:\/\/omnikonzultant.cz\/investicni-konzultace\/wp-json\/wp\/v2\/pages\/121\/revisions\/209"}],"wp:attachment":[{"href":"https:\/\/omnikonzultant.cz\/investicni-konzultace\/wp-json\/wp\/v2\/media?parent=121"}],"curies":[{"name":"wp","href":"https:\/\/api.w.org\/{rel}","templated":true}]}}